{"id":4874,"date":"2026-04-21T09:19:46","date_gmt":"2026-04-21T14:19:46","guid":{"rendered":"https:\/\/hac-congress.com\/speaker\/marilia-figueiredo-2\/"},"modified":"2026-04-24T10:15:25","modified_gmt":"2026-04-24T15:15:25","slug":"marilia-figueiredo-2","status":"publish","type":"speaker","link":"https:\/\/hac-congress.com\/pt-pt\/speaker\/marilia-figueiredo-2\/","title":{"rendered":"Marilia Figueiredo"},"content":{"rendered":"<p>Especialista en Armonizaci\u00f3n Orofacial \/ Presidente de ABRAHOF (Asociaci\u00f3n Brasile\u00f1a de Armonizaci\u00f3n Orofacial)<\/p>\n","protected":false},"excerpt":{"rendered":"<p>Especialista en Armonizaci\u00f3n Orofacial \/ Presidente de ABRAHOF (Asociaci\u00f3n Brasile\u00f1a de Armonizaci\u00f3n Orofacial)<\/p>\n","protected":false},"featured_media":4789,"template":"","meta":{"_acf_changed":false,"_speaker_position":"Especialista em harmoniza\u00e7\u00e3o orofacial","_speaker_country":"BR","_speaker_description":""},"speaker_position":"Especialista em harmoniza\u00e7\u00e3o orofacial","speaker_country":{"code":"BR","name":"Brasil","flag":"\ud83c\udde7\ud83c\uddf7","flag_url":"https:\/\/flagcdn.com\/br.svg"},"speaker_description":"","acf":[],"_links":{"self":[{"href":"https:\/\/hac-congress.com\/pt-pt\/wp-json\/wp\/v2\/speakers\/4874","targetHints":{"allow":["GET"]}}],"collection":[{"href":"https:\/\/hac-congress.com\/pt-pt\/wp-json\/wp\/v2\/speakers"}],"about":[{"href":"https:\/\/hac-congress.com\/pt-pt\/wp-json\/wp\/v2\/types\/speaker"}],"version-history":[{"count":1,"href":"https:\/\/hac-congress.com\/pt-pt\/wp-json\/wp\/v2\/speakers\/4874\/revisions"}],"predecessor-version":[{"id":4953,"href":"https:\/\/hac-congress.com\/pt-pt\/wp-json\/wp\/v2\/speakers\/4874\/revisions\/4953"}],"wp:featuredmedia":[{"embeddable":true,"href":"https:\/\/hac-congress.com\/pt-pt\/wp-json\/wp\/v2\/media\/4789"}],"wp:attachment":[{"href":"https:\/\/hac-congress.com\/pt-pt\/wp-json\/wp\/v2\/media?parent=4874"}],"curies":[{"name":"wp","href":"https:\/\/api.w.org\/{rel}","templated":true}]}}

<p>Especialista en Armonización Orofacial / Presidente de ABRAHOF (Asociación Brasileña de Armonización Orofacial)</p>

Especialista em harmonização orofacial
