{"id":4866,"date":"2026-04-21T10:56:25","date_gmt":"2026-04-21T15:56:25","guid":{"rendered":"https:\/\/hac-congress.com\/speaker\/juliana-ramalho-2\/"},"modified":"2026-04-21T10:56:25","modified_gmt":"2026-04-21T15:56:25","slug":"juliana-ramalho-2","status":"publish","type":"speaker","link":"https:\/\/hac-congress.com\/pt-pt\/speaker\/juliana-ramalho-2\/","title":{"rendered":"Juliana Ramalho"},"content":{"rendered":"<p>Cirujana dentista, educadora y referente en armonizaci\u00f3n facial<\/p>\n","protected":false},"excerpt":{"rendered":"<p>Cirujana dentista, educadora y referente en armonizaci\u00f3n facial<\/p>\n","protected":false},"featured_media":4773,"template":"","meta":{"_acf_changed":false,"_speaker_position":"Cirurgi\u00e3 dentista, educadora e refer\u00eancia em harmoniza\u00e7\u00e3o facial","_speaker_country":"BR","_speaker_description":""},"speaker_position":"Cirurgi\u00e3 dentista, educadora e refer\u00eancia em harmoniza\u00e7\u00e3o facial","speaker_country":{"code":"BR","name":"Brasil","flag":"\ud83c\udde7\ud83c\uddf7","flag_url":"https:\/\/flagcdn.com\/br.svg"},"speaker_description":"","acf":[],"_links":{"self":[{"href":"https:\/\/hac-congress.com\/pt-pt\/wp-json\/wp\/v2\/speakers\/4866","targetHints":{"allow":["GET"]}}],"collection":[{"href":"https:\/\/hac-congress.com\/pt-pt\/wp-json\/wp\/v2\/speakers"}],"about":[{"href":"https:\/\/hac-congress.com\/pt-pt\/wp-json\/wp\/v2\/types\/speaker"}],"version-history":[{"count":0,"href":"https:\/\/hac-congress.com\/pt-pt\/wp-json\/wp\/v2\/speakers\/4866\/revisions"}],"wp:featuredmedia":[{"embeddable":true,"href":"https:\/\/hac-congress.com\/pt-pt\/wp-json\/wp\/v2\/media\/4773"}],"wp:attachment":[{"href":"https:\/\/hac-congress.com\/pt-pt\/wp-json\/wp\/v2\/media?parent=4866"}],"curies":[{"name":"wp","href":"https:\/\/api.w.org\/{rel}","templated":true}]}}

<p>Cirujana dentista, educadora y referente en armonización facial</p>

Cirurgiã dentista, educadora e referência em harmonização facial
