{"id":4858,"date":"2026-04-21T09:11:52","date_gmt":"2026-04-21T14:11:52","guid":{"rendered":"https:\/\/hac-congress.com\/speaker\/elisa-quintero-2\/"},"modified":"2026-04-24T10:12:34","modified_gmt":"2026-04-24T15:12:34","slug":"elisa-quintero","status":"publish","type":"speaker","link":"https:\/\/hac-congress.com\/pt-pt\/speaker\/elisa-quintero\/","title":{"rendered":"Elisa Quinteros"},"content":{"rendered":"<p>Especialista en Armonizaci\u00f3n Facial<\/p>\n","protected":false},"excerpt":{"rendered":"<p>Especialista en Armonizaci\u00f3n Facial<\/p>\n","protected":false},"featured_media":4757,"template":"","meta":{"_acf_changed":false,"_speaker_position":"Especialista em harmoniza\u00e7\u00e3o facial","_speaker_country":"CL","_speaker_description":""},"speaker_position":"Especialista em harmoniza\u00e7\u00e3o facial","speaker_country":{"code":"CL","name":"Chile","flag":"\ud83c\udde8\ud83c\uddf1","flag_url":"https:\/\/flagcdn.com\/cl.svg"},"speaker_description":"","acf":[],"_links":{"self":[{"href":"https:\/\/hac-congress.com\/pt-pt\/wp-json\/wp\/v2\/speakers\/4858","targetHints":{"allow":["GET"]}}],"collection":[{"href":"https:\/\/hac-congress.com\/pt-pt\/wp-json\/wp\/v2\/speakers"}],"about":[{"href":"https:\/\/hac-congress.com\/pt-pt\/wp-json\/wp\/v2\/types\/speaker"}],"version-history":[{"count":1,"href":"https:\/\/hac-congress.com\/pt-pt\/wp-json\/wp\/v2\/speakers\/4858\/revisions"}],"predecessor-version":[{"id":4950,"href":"https:\/\/hac-congress.com\/pt-pt\/wp-json\/wp\/v2\/speakers\/4858\/revisions\/4950"}],"wp:featuredmedia":[{"embeddable":true,"href":"https:\/\/hac-congress.com\/pt-pt\/wp-json\/wp\/v2\/media\/4757"}],"wp:attachment":[{"href":"https:\/\/hac-congress.com\/pt-pt\/wp-json\/wp\/v2\/media?parent=4858"}],"curies":[{"name":"wp","href":"https:\/\/api.w.org\/{rel}","templated":true}]}}

<p>Especialista en Armonización Facial</p>

Especialista em harmonização facial
