{"id":4851,"date":"2026-04-21T10:54:44","date_gmt":"2026-04-21T15:54:44","guid":{"rendered":"https:\/\/hac-congress.com\/speaker\/claudia-plata-2\/"},"modified":"2026-04-21T10:54:44","modified_gmt":"2026-04-21T15:54:44","slug":"claudia-plata-2","status":"publish","type":"speaker","link":"https:\/\/hac-congress.com\/en\/speaker\/claudia-plata-2\/","title":{"rendered":"Claudia Plata"},"content":{"rendered":"<p>Odont\u00f3loga &#8211; Rehabilitaci\u00f3n oral y armonizaci\u00f3n orofacial<\/p>\n","protected":false},"excerpt":{"rendered":"<p>Odont\u00f3loga &#8211; Rehabilitaci\u00f3n oral y armonizaci\u00f3n orofacial<\/p>\n","protected":false},"featured_media":4745,"template":"","meta":{"_acf_changed":false,"_speaker_position":"Dentist - Oral rehabilitation and orofacial harmonization","_speaker_country":"CO","_speaker_description":""},"speaker_position":"Dentist - Oral rehabilitation and orofacial harmonization","speaker_country":{"code":"CO","name":"Colombia","flag":"\ud83c\udde8\ud83c\uddf4","flag_url":"https:\/\/flagcdn.com\/co.svg"},"speaker_description":"","acf":[],"_links":{"self":[{"href":"https:\/\/hac-congress.com\/en\/wp-json\/wp\/v2\/speakers\/4851","targetHints":{"allow":["GET"]}}],"collection":[{"href":"https:\/\/hac-congress.com\/en\/wp-json\/wp\/v2\/speakers"}],"about":[{"href":"https:\/\/hac-congress.com\/en\/wp-json\/wp\/v2\/types\/speaker"}],"version-history":[{"count":0,"href":"https:\/\/hac-congress.com\/en\/wp-json\/wp\/v2\/speakers\/4851\/revisions"}],"wp:featuredmedia":[{"embeddable":true,"href":"https:\/\/hac-congress.com\/en\/wp-json\/wp\/v2\/media\/4745"}],"wp:attachment":[{"href":"https:\/\/hac-congress.com\/en\/wp-json\/wp\/v2\/media?parent=4851"}],"curies":[{"name":"wp","href":"https:\/\/api.w.org\/{rel}","templated":true}]}}

<p>Odontóloga &#8211; Rehabilitación oral y armonización orofacial</p>
